is the remainder when 91 is divided by r?
27
Calculate the remainder when 48365/95 + (-38)/361 is divided by 17.
16
Suppose -3*a + 887 = c, 0 = a + 2*c + c - 301. Suppose -a = -5*j + 2*h, j - h + 21 - 77 = 0. Calculate the remainder when j is divided by 22.
17
Let b(i) = 2*i**3 + 5*i**2 - 4*i + 3. Let j be b(3). Let c = -80 + j. Calculate the remainder when 37 is divided by c.
7
Let g = 7 + 9. Suppose 9*x - 8*x - g = 0. Calculate the remainder when x is divided by 9.
7
Let b(z) be the second derivative of -2*z**3/3 - z**2/2 + 14*z. Calculate the remainder when 132 is divided by b(-7).
24
Let p = 1138 - 953. What is the remainder when p is divided by 30?
5
Let u be (-3 + 68/20)*5. Suppose -u*f + f - 272 = 0. What is the remainder when 2/7 + f/(-28) is divided by 6?
4
Let d = -1410 + 1432. What is the remainder when 35 is divided by d?
13
Let q(z) = -2*z**3 + z**2 - 2*z - 4. Let p be q(3). Let o = -5 - p. What is the remainder when o is divided by 17?
16
Suppose 0 = 6*o - 11 - 19. Suppose -4*y - 85 = -5*u + y, 9 = 2*u + 3*y. What is the remainder when o is divided by 3*-3*u/(-27)?
1
Let c = -521 + 913. Calculate the remainder when c is divided by 5.
2
Let n = 8 - 4. Suppose 5*i - n*d = 4, 0 = -0*i - i - d + 8. Suppose 0*o + 91 = 7*o. Calculate the remainder when o is divided by i.
1
Let l(t) = 4*t**3 - 83*t**2 - 7*t - 15. Calculate the remainder when l(21) is divided by 71.
66
Let f(s) = -s**3 + 8*s**2 + 4*s + 8. Let c be f(8). Let l = -3 + c. Calculate the remainder when l is divided by (-1)/(-1 - 0) + 19.
17
Suppose -6 = 2*s, j - 4*s + 10 = 54. Suppose p - 2 - 3 = 0. Let q(u) = 2*u**3 - 4*u**2 - 4*u - 3. Calculate the remainder when q(p) is divided by j.
31
Suppose -6*f + 13*f = 329. What is the remainder when 317 is divided by f?
35
Let s be 3*(3/(-5) - 136/(-60)). Suppose -52 - 68 = -s*c. What is the remainder when c is divided by 7?
3
Let d(r) = r**2 + 5*r - 1. Let v be d(-3). Let j = -7 - v. Suppose -b + l + 47 - 13 = j, 0 = -4*b - 2*l + 106. Calculate the remainder when b is divided by 15.
14
Let y(i) = -i**2 - 3*i + 464. Let f(q) = -14*q + 3. What is the remainder when f(-4) is divided by y(20)?
3
Suppose 11 + 22 = 3*r. Suppose 59 = -r*o + 12*o. Calculate the remainder when o is divided by 13.
7
Let a be (1/(-2))/(3/(-12)). Suppose -2*m = -a, 5*g - 52 = 2*m + m. Suppose 0 = -4*w - 64 + 140. Calculate the remainder when w is divided by g.
8
Let g(i) = -i**3 + 6*i**2 + 7*i + 4. Let m be g(7). Suppose -2*z - 61 = 5*v + z, -z = -m*v - 59. Let h = v + 16. Calculate the remainder when 3 is divided by h.
1
Let f(l) = l**2 - 28*l + 295. What is the remainder when 183 is divided by f(12)?
80
Calculate the remainder when (42/420)/((-1)/(-430)) is divided by 4.
3
Let a be (-6)/21 - (-271)/(-7). Let p = a + 32. What is the remainder when 16 is divided by (-26)/p + 2/7?
0
Calculate the remainder when 6*1 - (2 + -241 - -5) is divided by 9.
6
Let o(t) = -t**3 + 11*t**2 - 21*t - 17. Calculate the remainder when o(7) is divided by 5.
2
Let j = -81 + 118. What is the remainder when 9/12 - (-4624)/64 is divided by j?
36
Let a(f) = -f**3 - 26*f**2 - 29*f + 13. Let r = -126 - -101. Calculate the remainder when a(r) is divided by 17.
11
Calculate the remainder when 118 is divided by 66144/1104 + 4/46.
58
Let b(x) be the third derivative of 1/24*x**4 + 0*x + 3*x**2 + 17/6*x**3 + 0. Calculate the remainder when 5 is divided by b(-15).
1
Let w(s) = 2*s + 4. Let m = -22 - -16. Let n be w(m). Calculate the remainder when 29 is divided by (2 + n)/3*-4.
5
Let p = 61 - 41. Suppose 2*b = 2*k + 82, 3*b = 5*b + 2*k - 94. Let g = 83 - b. What is the remainder when g is divided by p?
19
Let u(z) = -z**3 - 29*z**2 + 15*z + 97. Calculate the remainder when u(-30) is divided by 25.
22
Let p = 130 - -54. Calculate the remainder when p is divided by 339/9 + (-8)/12.
36
Let y(g) be the first derivative of -8 - 5*g - 3/2*g**2 + 2/3*g**3. What is the remainder when y(4) is divided by 8?
7
Let y be (-2 - 12)/(((-6)/(-39))/(-1)). What is the remainder when (-26)/y + (-16)/(-7) is divided by 2?
0
Let i = -92 + 121. Calculate the remainder when 82 is divided by i.
24
Let k be (-30)/8 - (-21)/28. Calculate the remainder when ((-56)/k)/((-12)/(-18)) is divided by 15.
13
Suppose 251 + 57 = 4*o. Let h be ((-12)/(-9))/(12/18). Suppose p + 55 = h*x + 4*p, 2*x - 5*p = 15. Calculate the remainder when o is divided by x.
17
Let a be (-10)/(-1*2*(-3)/51). Let u = a + 120. Calculate the remainder when u is divided by 10.
5
Suppose -i - 16*f + 15*f + 236 = 0, 0 = -3*i - 5*f + 714. What is the remainder when i is divided by 84?
65
Suppose 3*x - 4 = 5. Suppose -15 = 5*q - x*b - 109, -3*b - 43 = -2*q. Let w = q + -9. What is the remainder when 21 is divided by w?
5
Let o(i) = 3*i**2 - 3*i + 5. Suppose 9 = -4*c - 5*s, 2*c + 8 = -c - 4*s. Let z be o(c). Suppose -z = 4*n - 149. Calculate the remainder when n is divided by 10.
7
Suppose x + 6*x - 98 = 0. Let s = 11 - x. Calculate the remainder when 33 is divided by 5 + 1 - (2 + s).
5
Let p(v) = 7*v + 35. Let n be p(-19). Let i = n - -176. Calculate the remainder when i is divided by 16.
14
Suppose -276 + 39 = -5*i + 4*v, 3*i + 5*v = 157. What is the remainder when 116 is divided by i?
18
Suppose -4*k + 16 = -8. Suppose -k*j - 205 = -11*j. What is the remainder when j is divided by 14?
13
What is the remainder when 48 is divided by -35*(6 + -3 + 190/(-50))?
20
Calculate the remainder when ((-84)/(-16)*4/1)/((-1)/(-3)) is divided by (0 - 1)*16/(-2).
7
Let a(s) = s**2 - 2*s - 3. Let b = -5 - 1. Calculate the remainder when 8 - (10 - 13)/(b/(-8)) is divided by a(-2).
2
Let d(x) = -2*x**2 - 16*x. Let j be d(-8). Suppose j = -2*z + 2*n + 244, -3*z - 4*n + 232 = -z. Calculate the remainder when z is divided by 41.
38
What is the remainder when (-2488)/(-46) - 6/69 is divided by 27?
0
Suppose -4*m = m + 5, m = -3*i + 263. Calculate the remainder when i is divided by -4*(-2 - (-28)/24)*9.
28
Let u = -5 + 26. Let p = 26 - u. What is the remainder when 23 is divided by p?
3
Let j = 4 + 2. Suppose -4*a - j = -2. What is the remainder when 53 is divided by (-1 + 2)/(a/(-14))?
11
Suppose 4*h = -9*h + 390. Let s = 62 + h. Calculate the remainder when s is divided by 16.
12
Let t be (-9)/(-12) + (-3)/(-12). Suppose 2*i + 17 = f, 0 = -f - 2*i - t + 14. Calculate the remainder when f is divided by 10*(-7)/14 + 9.
3
Suppose -9*p - 24 = -17*p. What is the remainder when 11 is divided by p?
2
Suppose -4*u - 31 - 5 = 0. Let x = 36 + u. What is the remainder when ((-6)/(-1))/(6/78) is divided by x?
24
Let f be 1 + -14 - (-1 - 2). Let z = 18 - f. What is the remainder when 81 is divided by z?
25
Let k(r) = -r**3 + r + 3. Let h be k(0). Suppose h*i + 0*i = 237. Calculate the remainder when i is divided by 20.
19
Suppose 1904*f + 125 = 1909*f. What is the remainder when 172 is divided by f?
22
Let q(m) = -m**3 - 6*m**2 - 6*m. Let d be q(-5). Suppose 0 = -d*a + l + 3*l + 600, -a = l - 129. Calculate the remainder when a is divided by 32.
28
Suppose -w + 6*w = 15. Suppose -3*s = j - 15, -w*j + 40 = 3*s + s. Calculate the remainder when 34 is divided by j.
10
Suppose -39 = -12*o + 141. What is the remainder when 294 is divided by o?
9
Suppose 2*h - 369 = -303. What is the remainder when h is divided by 2?
1
Suppose 2*w - 3*w = -14. Let p be 3/((-9)/(-60)) + 1. Calculate the remainder when w is divided by 162/p + 6/21.
6
Let o = -18 - -20. Let z be 0 - (o/(-2) - -1). Suppose z = -q + 5*q - 32. Calculate the remainder when 23 is divided by q.
7
Let q(a) = 2*a + 21. Let v be (-4 + 2/(-3))*(-3)/2. What is the remainder when q(v) is divided by 14?
7
Suppose -5*l - 50 = -5*c, c + 50 = 6*c + 4*l. Suppose 2*d - c = 0, 65 = -0*z + 3*z + 4*d. Calculate the remainder when 58 is divided by z.
13
Suppose -2*y - 89 = -3*x, -11*y = -14*y - 12. What is the remainder when 189 is divided by x?
0
Suppose -5*w = -3*f - 111, 0*f - 105 = -5*w + 5*f. What is the remainder when (3 - -1)*(-26)/(-8) is divided by w*(-8)/60*(-10)/4?
5
Suppose -15*x = -426 + 66. Suppose -5*h + 462 = -8. What is the remainder when h is divided by x?
22
Let h(r) = -147*r - 58. Let v be h(-1). Let l(q) = q**2 - 15*q + 4. Let z be l(6). Let y = z + v. Calculate the remainder when y is divided by 20.
19
What is the remainder